of 3714567790.
2, 5, 4153, 89443
What are the prime factors of 3799004429?
11, 345364039
What are the prime factors of 71779422?
2, 3, 11, 13, 269, 311
What are the prime factors of 185640455?
5, 7, 11, 13, 29, 1279
What are the prime factors of 854665184?
2, 137, 1423
What are the prime factors of 1276127010?
2, 3, 5, 14179189
List the prime factors of 184531791.
3, 43, 1430479
List the prime factors of 32245575.
3, 5, 191, 2251
List the prime factors of 107288537.
23, 1487, 3137
What are the prime factors of 117290204?
2, 2609, 11239
List the prime factors of 350209677.
3, 499, 233941
What are the prime factors of 145702906?
2, 19, 3834287
What are the prime factors of 29789888?
2, 191, 2437
List the prime factors of 22067917.
971, 22727
What are the prime factors of 520587864?
2, 3, 577, 4177
List the prime factors of 21352292.
2, 13, 410621
List the prime factors of 126169040.
2, 5, 67, 23539
List the prime factors of 434687472.
2, 3, 19, 127, 139
What are the prime factors of 549622701?
3, 59, 947, 1093
List the prime factors of 40713613.
40713613
What are the prime factors of 391112861?
23, 461, 36887
List the prime factors of 3720987638.
2, 1860493819
List the prime factors of 88734321.
3, 13, 61, 12433
What are the prime factors of 72054810?
2, 3, 5, 641, 1249
What are the prime factors of 4453130620?
2, 5, 17, 47, 191, 1459
List the prime factors of 243621979.
243621979
List the prime factors of 1604333257.
1049, 1529393
List the prime factors of 795475973.
41, 19401853
What are the prime factors of 39764737?
39764737
List the prime factors of 8961241.
491, 18251
What are the prime factors of 54120924?
2, 3, 11, 13, 10513
List the prime factors of 2577177949.
2577177949
List the prime factors of 1102464473.
11, 100224043
List the prime factors of 731578252.
2, 41, 607, 7349
List the prime factors of 170625528.
2, 3, 73, 3607
What are the prime factors of 75867421?
7, 10838203
List the prime factors of 503989754.
2, 23, 31, 353429
What are the prime factors of 1911145230?
2, 3, 5, 101, 210247
List the prime factors of 907505671.
29, 31293299
What are the prime factors of 117963674?
2, 58981837
List the prime factors of 12144128.
2, 23719
List the prime factors of 1578014654.
2, 2791, 282697
What are the prime factors of 39090637?
29, 1347953
What are the prime factors of 28464949?
1571, 18119
List the prime factors of 343830348.
2, 3, 457, 20899
List the prime factors of 1081795720.
2, 5, 43, 53, 11867
What are the prime factors of 57469152?
2, 3, 13, 46049
List the prime factors of 740669059.
13, 41, 1389623
List the prime factors of 633027357.
3, 1117, 62969
List the prime factors of 2608628982.
2, 3, 31, 37, 89, 4259
What are the prime factors of 284844989?
11, 13, 29, 68687
List the prime factors of 145849102.
2, 7, 10417793
List the prime factors of 99321383.
7, 23, 88129
What are the prime factors of 51220171?
97, 528043
What are the prime factors of 1905763386?
2, 3, 233, 1363207
List the prime factors of 433602847.
2459, 176333
List the prime factors of 119803765.
5, 587, 40819
What are the prime factors of 211641302?
2, 105820651
List the prime factors of 57795565.
5, 263, 43951
What are the prime factors of 7794950?
2, 5, 31, 47, 107
What are the prime factors of 55720496?
2, 13, 267887
What are the prime factors of 5060489213?
13, 571, 681731
List the prime factors of 280601822.
2, 53, 2647187
List the prime factors of 4102242.
2, 3, 433, 1579
What are the prime factors of 463623781?
149, 3111569
List the prime factors of 624627356.
2, 19, 8218781
List the prime factors of 3913538735.
5, 31, 59, 79, 5417
List the prime factors of 133065260.
2, 5, 277, 24019
What are the prime factors of 1603238506?
2, 19, 23, 59, 31091
List the prime factors of 3085888559.
13, 237376043
List the prime factors of 173784040.
2, 5, 4344601
What are the prime factors of 3084538?
2, 1033, 1493
List the prime factors of 110501685.
3, 5, 7, 116933
List the prime factors of 103862536.
2, 149, 87133
List the prime factors of 23633218.
2, 7, 853, 1979
List the prime factors of 2657710772.
2, 233, 2851621
What are the prime factors of 50783501?
283, 311, 577
What are the prime factors of 1363456770?
2, 3, 5, 13, 73, 83, 577
List the prime factors of 3002955658.
2, 1501477829
List the prime factors of 9015986.
2, 7, 227, 2837
List the prime factors of 525259890.
2, 3, 5, 29, 59, 379
What are the prime factors of 892559641?
151, 5910991
List the prime factors of 282525241.
431, 655511
List the prime factors of 43948608.
2, 3, 11, 20809
List the prime factors of 783261073.
7, 19, 307, 19183
What are the prime factors of 31684663?
349, 90787
What are the prime factors of 85401417?
3, 727, 39157
List the prime factors of 1249045288.
2, 3217, 48533
What are the prime factors of 2091687626?
2, 7, 37, 4038007
What are the prime factors of 36027103?
7, 735247
What are the prime factors of 177402305?
5, 31, 43, 619
List the prime factors of 94766405.
5, 18953281
List the prime factors of 110846262.
2, 3, 18474377
What are the prime factors of 131485761?
3, 11, 147571
List the prime factors of 3482042.
2, 17, 47, 2179
List the prime factors of 1815349479.
3, 47, 487, 26437
What are the prime factors of 207135582?
2, 3, 17, 563, 3607
What are the prime factors of 2552407811?
61, 41842751
List the prime factors of 475123991.
59, 8052949
What are the prime factors of 314900353?
314900353
What are the prime factors of 16823336?
2, 17, 123701
What are the prime factors of 29967102?
2, 3, 11, 13759
What are the prime factors of 102815229?
3, 11, 59, 52807
List the prime factors of 13299343.
53, 349, 719
What are the prime factors of 4232860449?
3, 397, 3554039
What are the prime factors of 92278073?
127, 726599
What are the prime factors of 237200434?
2, 269, 440893
List the prime factors of 5294641.
11, 179, 2689
List the prime factors of 3519676400.
2, 5, 263, 33457
What are the prime factors of 70802121?
3, 13, 41, 44279
What are the prime factors of 303239750?
2, 5, 11, 110269
What are the prime factors of 16801798?
2, 13, 131, 4933
What are the prime factors of 297765522?
2, 3, 61, 139, 1951
What are the prime factors of 14888722?
2, 7444361
What are the prime factors of 69326896?
2, 19, 228049
What are the prime factors of 449274557?
59, 773, 9851
What are the prime factors of 1007650462?
2, 7, 13, 5536541
What are the prime factors of 142697035?
5, 13, 2195339
What are the prime factors of 5716171735?
5, 18461, 61927
List the prime factors of 4582372933.
17, 269551349
List the prime factors of 4250347905.
3, 5, 17, 23, 59, 71, 173
List the prime factors of 175266082.
2, 29, 79, 1319
List the prime factors of 102777467.
13, 89, 211, 421
What are the prime factors of 771015411?
3, 85668379
What are the prime factors of 42516392?
2, 1061, 5009
List the prime factors of 2897891.
911, 3181
List the prime factors of 168516843.
3, 11, 5106571
List the prime factors of 63909330.
2, 3, 5, 29, 73459
List the prime factors of 701609466.
2, 3, 19, 37, 41, 4057
List the prime factors of 50858548.
2, 13, 978049
List the prime factors of 469411381.
317, 1480793
List the prime factors of 979196950.
2, 5, 383, 51133
What are the prime factors of 104318721?
3, 13, 19, 167, 281
List the prime factors of 2994888444.
2, 3, 249574037
What are the prime factors of 348623817?
3, 151, 769589
What are the prime factors of 3610137399?
3, 11, 277, 463, 853
What are the prime factors of 731597279?
7, 104513897
List the prime factors of 5373511550.
2, 5, 11, 9770021
List the prime factors of 1566918739.
10267, 152617
What are the prime factors of 58979160?
2, 3, 5, 173, 947
List the prime factors of 5023865099.
11, 456715009
List the prime factors of 1102256206.
2, 2267, 243109
List the prime factors of 26029961.
26029961
List the prime factors of 3713301523.
97, 5501, 6959
List the prime factors of 1751434760.
2, 5, 479, 91411
List the prime factors of 12878437.
11, 13, 90059
What are the prime factors of 276391818?
2, 3, 5118367
What are the prime factors of 13304997?
3, 19, 29, 2683
What are the prime factors of 611144274?
2, 3, 13, 751, 10433
List the prime factors of 18939553.
18939553
List the prime factors of 350648045.
5, 11, 163, 39113
What are the prime factors of 5094915717?
